{"id":42,"date":"2025-05-20T14:07:29","date_gmt":"2025-05-20T12:07:29","guid":{"rendered":"https:\/\/www.delaroche.xyz\/?page_id=42"},"modified":"2025-05-20T14:07:29","modified_gmt":"2025-05-20T12:07:29","slug":"je-n-ai-ni-le-temp-ni-les-crayons-de-couleur","status":"publish","type":"page","link":"https:\/\/www.delaroche.xyz\/index.php\/je-n-ai-ni-le-temp-ni-les-crayons-de-couleur\/","title":{"rendered":"Je n ai ni le temp ni les crayons de couleur"},"content":{"rendered":"\n<p>T&rsquo;as une t\u00eate \u00e0 savoir quel crayon a le meilleur go\u00fbt.<\/p>\n\n\n\n<p>Tu n\u2019es pas la truite la plus oxyg\u00e9n\u00e9e du ruisseau<\/p>\n\n\n\n<p><\/p>\n","protected":false},"excerpt":{"rendered":"<p>T&rsquo;as une t\u00eate \u00e0 savoir quel crayon a le meilleur go\u00fbt. Tu n\u2019es pas la truite la plus oxyg\u00e9n\u00e9e du ruisseau<\/p>\n","protected":false},"author":1,"featured_media":0,"parent":0,"menu_order":0,"comment_status":"closed","ping_status":"closed","template":"","meta":{"footnotes":""},"class_list":["post-42","page","type-page","status-publish","hentry"],"_links":{"self":[{"href":"https:\/\/www.delaroche.xyz\/index.php\/wp-json\/wp\/v2\/pages\/42","targetHints":{"allow":["GET"]}}],"collection":[{"href":"https:\/\/www.delaroche.xyz\/index.php\/wp-json\/wp\/v2\/pages"}],"about":[{"href":"https:\/\/www.delaroche.xyz\/index.php\/wp-json\/wp\/v2\/types\/page"}],"author":[{"embeddable":true,"href":"https:\/\/www.delaroche.xyz\/index.php\/wp-json\/wp\/v2\/users\/1"}],"replies":[{"embeddable":true,"href":"https:\/\/www.delaroche.xyz\/index.php\/wp-json\/wp\/v2\/comments?post=42"}],"version-history":[{"count":1,"href":"https:\/\/www.delaroche.xyz\/index.php\/wp-json\/wp\/v2\/pages\/42\/revisions"}],"predecessor-version":[{"id":43,"href":"https:\/\/www.delaroche.xyz\/index.php\/wp-json\/wp\/v2\/pages\/42\/revisions\/43"}],"wp:attachment":[{"href":"https:\/\/www.delaroche.xyz\/index.php\/wp-json\/wp\/v2\/media?parent=42"}],"curies":[{"name":"wp","href":"https:\/\/api.w.org\/{rel}","templated":true}]}}